1. Let s be d(-12). Suppose 2*g + 2*g = s. Determine l(g).
-15
Let g(j) = -5*j**2 + 5*j - 30. Let k(q) = -2*q**2 + 2*q - 13. Let p(u) = -3*g(u) + 7*k(u). What is p(5)?
19
Let w(n) = -n**2 + 5. Suppose -3*v - 4*d + 16 = 0, d + 3 = -v + 9. Let z(k) = 4*k - 2*k - 4 - v. Let b be z(6). Calculate w(b).
5
Let c(l) = l**3 + 13*l**2 + 11*l - 16. Suppose -189 = -w - 201. What is c(w)?
-4
Let y be (7/(-3) + 3)*18/4. Let p(v) = 1. Let x(k) = -k**2 + 6*k - 7. Let n(s) = -6*p(s) - x(s). Calculate n(y).
-8
Let x(g) = 2*g**3 - 25*g**2 - 13*g + 2. Let m be x(13). Let u(v) = 0*v**2 + v + 8*v**2 - 8*v**m + 3*v**2. Give u(-1).
2
Let t(c) = 32*c - 98*c - 4 + 31*c + 30*c. Determine t(2).
-14
Let q(z) = z**3 + 5*z**2 + z + 2. Let u be q(-4). Let f(r) = r**3 - 14*r**2 - 4. Determine f(u).
-4
Suppose c = 3*c - 2*a - 22, -16 = 4*a. Let t(k) = -k - 2. Give t(c).
-9
Suppose 9*o - 2 = 16. Let v(t) = t**2 + 18 - 17 + 5*t - 2*t**o. Give v(4).
5
Let l(u) = 2 - u + 0*u - 1. Suppose 0*p = -p + 2*z - 8, -5*p - 32 = -2*z. Let x be -2*9/p + (1 - 1). Calculate l(x).
-2
Let u(j) = -j**2 - 6*j + 2. Let d(q) = -222*q**2 + 34 - 8 + 221*q**2 - 4*q. Let i be d(4). Determine u(i).
2
Let i be 2/1 - 15/(-5). Suppose 0 = 5*p + v + 3*v - i, 4*p - 4*v - 4 = 0. Let f = -4 + p. Let u(d) = 4*d + 2. Determine u(f).
-10
Let h(g) = g + 2. Let y be h(0). Let j(l) = 9 - 4 - 8*l - y*l**2 - 9 + l. Suppose p = 2*k + 6, 0 = -k - 3*p + 7*p + 4. What is j(k)?
-8
Let l(p) be the third derivative of -p**5/60 + 3*p**4/8 + 5*p**3/6 + 12*p**2 - 9. Suppose 3*q = 6*q - 24. Give l(q).
13
Let z be (1/1 - 40)*(-9)/27. Let b(t) = 3*t - 46. Let x be b(z). Let j(m) = -m - 9. Calculate j(x).
-2
Let y(j) = 2*j + 8686 - 8697 + 9*j**2 - j**2 - j**3. Give y(8).
5
Let s(c) = -4*c**2 - 18*c + 28*c - 9*c. Give s(1).
-3
Let i(n) be the second derivative of 1/6*n**3 + 13*n + 7/2*n**2 + 0. What is i(0)?
7
Let k(c) = 52*c**2 + 4*c + 5. Let a(w) = 55*w**2 + 2*w + 3. Let i(v) = -3*a(v) + 2*k(v). Give i(-1).
-62
Let n(z) = z + 2. Let q(w) = -2*w**2 + 15*w - 13. Let x be (((-7)/2)/(-1))/((-18)/(-36)). Let m be q(x). Give n(m).
-4
Let f(r) = -r + 10. Suppose 159*d = 162*d - 18. What is f(d)?
4
Let t = 1254 - 1240. Let q(c) = 2*c - 21. Give q(t).
7
Let p(l) = l**2 - 10*l + 8. Suppose -311 + 23 = -4*z. Let y = z - 64. Give p(y).
-8
Let o = 837 - 832. Let z(d) be the second derivative of d**4/12 - 7*d**3/6 + 3*d**2/2 - 3*d. Calculate z(o).
-7
Let f = -110 + 112. Let l(z) = 10*z**f + 5 - z - 5*z**2 - z**3 + 3*z**2 + 4. What is l(8)?
1
Let r = -5 - -7. Suppose r*k = -3*v + k, -3*v + 4*k + 15 = 0. Let z(u) = -6*u**2 + 7*u - 14. Let i(j) = -j**2 + j - 2. Let l(c) = -42*i(c) + 6*z(c). Give l(v).
6
Let f(i) = i - 7. Let j(k) = 2*k - 13. Let v(w) = 5*f(w) - 3*j(w). Suppose -2*y + 18 = -q, -3*q = -2*q - 3*y + 21. Let d be (-18)/2*(-1 - 8/q). Give v(d).
1
Let x(r) = r**3 - 11*r**2 + 21*r + 23. Let c be x(8). Let o(i) = 23*i**3 + i**2. Calculate o(c).
-22
Let b(z) be the third derivative of -7 + 5*z**2 + 0*z**3 + 1/24*z**4 + 0*z. What is b(-3)?
-3
Let g(f) = -4*f**3 - f**2 + 1. Let v = -1 + -5. Let x = 5 + v. Give g(x).
4
Suppose 5*o - 4 = -a + 5, -3*o + 9 = 0. Let c(b) be the first derivative of -1/4*b**4 - 5/3*b**3 + 7/2*b**2 + 4*b - 2. Give c(a).
-2
Let g(p) be the second derivative of p**5/60 - p**4/8 + 23*p**2/2 - 28*p. Let z(n) be the first derivative of g(n). Give z(3).
0
Let a(v) be the third derivative of -v**4/8 + 5*v**3/6 - 2*v**2. Let o(r) = -4*r - 2. Let n be o(-3). Let l = -6 + n. What is a(l)?
-7
Let d(p) = -4*p - 3. Let s(v) = 3*v + 2. Let i(y) = -2*d(y) - 3*s(y). Suppose 4 = -4*n + 5*n. Suppose 8*m = 4*m + n. Give i(m).
-1
Let x(k) = -3*k**3 + 5*k**2 - 3*k + 4. Let j be x(2). Let z(r) = -9*r**2 + 7*r + 6. Let g(a) = -10*a**2 + 8*a + 7. Let q(u) = j*z(u) + 5*g(u). Give q(-1).
5
Let k(y) = 30*y**2 + 13*y - 5. Let r(v) = -11*v**2 - 4*v + 2. Let d(o) = -3*k(o) - 8*r(o). Calculate d(-7).
-50
Let k(x) be the first derivative of x**2/2 - 9*x - 73. What is k(4)?
-5
Let m(f) = 0*f**3 - 1 - f**3 - 8*f**2 + 9*f + 8. Let a = -8 + -1. Give m(a).
7
Suppose -2*b = 2*b. Suppose n - 5 = -b*n. Suppose 2 = z + n. Let m(f) = -f**2 + 4. What is m(z)?
-5
Let o = -31 + 28. Let n = o + 3. Let v(z) = z**2 - z - 5. What is v(n)?
-5
Let t = -5915/4 + 1479. Let o(c) be the first derivative of 6 + 1/3*c**3 - t*c**4 - 1/2*c**2 + 13*c. Determine o(0).
13
Let z(f) = 3*f - 15. Let i be z(5). Let n(d) = i*d - 5*d - 12 + 4*d + 2*d. What is n(0)?
-12
Let x(t) = -5*t**2 - t + 1. Let b be x(1). Let u = 3 + b. Let y(h) = -2*h**2 - 2*h + 2. Calculate y(u).
-2
Let u(g) be the first derivative of 0*g**2 + g + 1/4*g**4 + 2 + 1/3*g**3. What is u(0)?
1
Let f be 1 + -4 + (-6)/(-6) - -5. Let o(a) = 3*a**3 - f*a**2 + 11*a**3 - 5 + 2*a - 15*a**3. Let z(m) = -2*m + 8. Let p be z(6). What is o(p)?
3
Let o(w) be the first derivative of -w**6/360 - w**5/40 - w**4/24 + 7*w**3/3 + 4. Let z(y) be the third derivative of o(y). Calculate z(-2).
1
Let y be ((-12)/(-144)*6)/((-2)/8). Let v(n) = -1. Let u(m) = m - 6. Let p(b) = u(b) - 5*v(b). Calculate p(y).
-3
Let k = -130 + 130. Suppose k = -11*g - 3 - 19. Let y(z) = 5*z - 1 + 0 + 3. Determine y(g).
-8
Let p(m) = m**3 - 7*m**2 + 3*m - 8. Suppose 5*g + 33 = -7*k + 11*k, -30 = -4*k + 2*g. Calculate p(k).
13
Let s(n) = -n**3 - 5*n**2 + 7*n + 11. Let b be s(-6). Let q(d) = 170 - 2*d**2 - 171 - b*d**2. Give q(1).
-8
Let a(y) = 2*y + 2. Let b(f) = -28*f - 134. Let h be b(-5). Determine a(h).
14
Suppose 0 = -5*n + n + 12. Let t = 3 - 1. Let a(x) = 2 + 4*x - 1 - 5*x - x**t. Give a(n).
-11
Let p be (12/10)/(8/(-20)). Let m be ((-1)/p)/((-2)/12). Let d(b) = -b**2 - 2*b. Determine d(m).
0
Let v(n) be the first derivative of n**7/840 + n**6/90 - n**5/40 + n**4/24 - 4*n**3/3 + n**2/2 + 4. Let d(f) be the third derivative of v(f). Calculate d(-5).
-9
Let x(s) = -s**3 - 6*s**2 + 8*s + 9. Let j be x(-7). Let p(r) = -4*r**3 - r**2 - 2*r - 12. Let f(h) = -h**3 - h - 4. Let g(a) = j*p(a) - 7*f(a). What is g(-3)?
4
Let r be ((14 + 4)/(-6))/1. Let v(w) = w**2 + 2*w - 4. Give v(r).
-1
Let q(o) = -2*o**2 - o. Let d be (3 + -8)*(0 + -1). Suppose 0*f = -d*a - 5*f - 10, -5*f - 22 = a. Suppose a*v + 1 - 7 = -3*k, 5*k = v + 4. What is q(k)?
-3
Let u(m) be the third derivative of m**4/24 + 5*m**3/2 + 14*m**2. Let n(a) = 2*a + 17. Let f be n(-12). Give u(f).
8
Let l = -16 - -9. Let w(s) be the second derivative of 1/20*s**5 + 7/12*s**4 + 0 + 2*s**2 + 0*s**3 + 9*s. Give w(l).
4
Let j(h) = 12*h + 44. Let v(m) = 65*m - 134. Let d be v(2). Determine j(d).
-4
Let u(d) = -d**2 + d + 1. Let r be ((-5)/15)/((-2)/12). Suppose 0*n - 6 = -5*z + 4*n, -3*z + 2*n + r = 0. Calculate u(z).
-5
Let t(u) = -2*u**2 + 17*u + 8. Let g be t(10). Let x(d) = d**3 + 22*d**2 - 2*d - 49. Let q be x(g). Let o(k) = 3*k + 7. Determine o(q).
-8
Let q(t) = 3 - 6*t**2 - 8*t + 63*t - t**3 - 61*t. Suppose 2*n + 3 = -j, 4*n - 13 - 6 = 3*j. What is q(j)?
8
Let b(a) = a + 1. Let u be b(2). Suppose 3*w - 5*z - 196 = 0, 4*z + 134 = 3*w - w. Let i(r) = w*r - 27*r - r**2 - 29*r - 4. Give i(u).
-10
Let o(i) = 125 + 2829*i - 5665*i + 2814*i. Calculate o(6).
-7
Let d(a) = -5*a**2 + a. Let f(b) = 8*b**2 + 30*b - 9. Let c be f(-4). Give d(c).
-6
Let d(f) = -5*f**3 - f**2 - 8*f - 3. Let q(y) = -2*y**3 - y**2 - y. Let i(w) = -d(w) + 3*q(w). Calculate i(-3).
-3
Let d be (-3)/5 - (-13)/5. Let r(q) = d*q**2 + 10 - 3*q**2 + 2*q**2 - 8*q. What is r(7)?
3
Let s(v) = 10*v - 56. Suppose 0 = -26*i + 94 + 36. Determine s(i).
-6
Let l(i) = i**3 - 4*i**2 + 3*i - 1. Let z(o) = 12*o + 7. Let c be z(-3). Let g = c - -32. What is l(g)?
-1
Suppose -3*m = m - 8. Let t(z) be the third derivative of 0 - 25*z**2 + 0*z - 1/6*z**3 - 1/8*z**4. Determine t(m).
-7
Let o(c) = 23*c**2 - 29*c + 36. Let u(r) = 8*r**2 - 10*r + 13. Let x(h) = 6*o(h) - 17*u(h). Calculate x(4).
11
Let q be -1*(-1)/3*(36 - 990/33). Let g(p) = p - 1. Let w(r) = -10*r + 6. Let i(d) = -4*g(d) - w(d). Determine i(q).
10
Let l(q) = 4 - 9*q**2 - 1 - 3*q + 7*q**2 - 2. Give l(-3).
-8
Let j(v) be the second derivative of v**4/4 + v**3/6 + 446*v. Let i(n) = -3 - n**2 + 4*n + 2*n**2 - 1. Let c be i(-5). Give j(c).
4
Let c = 239 - 240. Let y(o) = -25*o**3 + 2*o + 1. Calculate y(c).
24
Suppose 5*q = -5*l + 3*q + 28, 24 = 4*l + 2*q. Suppose 0 = -l*g - 27 - 9. Let b(p) = -p - 6